{"id":26,"date":"2024-02-01T19:20:09","date_gmt":"2024-02-01T18:20:09","guid":{"rendered":"https:\/\/boutique.editions-mandron.com\/?post_type=product&#038;p=26"},"modified":"2024-02-04T16:29:29","modified_gmt":"2024-02-04T15:29:29","slug":"prier-chaque-jour-avec-toi-marie-du-pere-michel-baute-nouvelle-edition-janvier-2024","status":"publish","type":"product","link":"https:\/\/boutique.editions-mandron.com\/index.php\/produit\/prier-chaque-jour-avec-toi-marie-du-pere-michel-baute-nouvelle-edition-janvier-2024\/","title":{"rendered":"PRIER CHAQUE JOUR AVEC TOI MARIE du P\u00e8re Michel Baute (nouvelle \u00e9dition janvier 2024)"},"content":{"rendered":"<p><strong>\u00ab PRIER CHAQUE JOUR AVEC TOI MARIE \u00bb<\/strong><\/p>\n<p><strong>Du P\u00e8re Michel Baute<\/strong>\u00a0<strong><em>pr\u00eatre et Chapelain au Sanctuaire Notre-Dame de Lourdes<\/em><\/strong><em>.<\/em><\/p>\n<p><strong>Nouvelle \u00e9dition augment\u00e9e et enrichie du livre<\/strong><\/p>\n<p><strong>\u00abMon livre de vie chr\u00e9tienne\u2013Chaque jour du mois avec Toi<\/strong>\u00a0<strong>Marie \u00bb<\/strong><\/p>\n<p>Un compagnon de route, un livre de vie chr\u00e9tienne pour prier avec Marie, chaque jour du mois, tout le long de l\u2019ann\u00e9e, avec une formation spirituelle sur les Myst\u00e8res du Rosaire, et les autres vocations attribu\u00e9es \u00e0 Marie m\u00e9diatrice \u00ab Par Marie \u00e0 J\u00e9sus \u00bb pour les hommes.<\/p>\n<p>Un livre enrichissant et original, pratique, et facile \u00e0 emporter par son petit format.<\/p>\n","protected":false},"excerpt":{"rendered":"<p>\u00ab PRIER CHAQUE JOUR AVEC TOI MARIE \u00bb Du P\u00e8re Michel Baute\u00a0pr\u00eatre et Chapelain au Sanctuaire Notre-Dame de Lourdes. Nouvelle \u00e9dition augment\u00e9e et enrichie du livre \u00abMon livre de vie chr\u00e9tienne\u2013Chaque jour du mois avec Toi\u00a0Marie \u00bb Un compagnon de route, un livre de vie chr\u00e9tienne pour prier avec Marie, chaque jour du mois, tout [&hellip;]<\/p>\n","protected":false},"featured_media":27,"template":"","meta":{"ocean_post_layout":"","ocean_both_sidebars_style":"","ocean_both_sidebars_content_width":0,"ocean_both_sidebars_sidebars_width":0,"ocean_sidebar":"0","ocean_second_sidebar":"0","ocean_disable_margins":"enable","ocean_add_body_class":"","ocean_shortcode_before_top_bar":"","ocean_shortcode_after_top_bar":"","ocean_shortcode_before_header":"","ocean_shortcode_after_header":"","ocean_has_shortcode":"","ocean_shortcode_after_title":"","ocean_shortcode_before_footer_widgets":"","ocean_shortcode_after_footer_widgets":"","ocean_shortcode_before_footer_bottom":"","ocean_shortcode_after_footer_bottom":"","ocean_display_top_bar":"default","ocean_display_header":"default","ocean_header_style":"","ocean_center_header_left_menu":"0","ocean_custom_header_template":"0","ocean_custom_logo":0,"ocean_custom_retina_logo":0,"ocean_custom_logo_max_width":0,"ocean_custom_logo_tablet_max_width":0,"ocean_custom_logo_mobile_max_width":0,"ocean_custom_logo_max_height":0,"ocean_custom_logo_tablet_max_height":0,"ocean_custom_logo_mobile_max_height":0,"ocean_header_custom_menu":"0","ocean_menu_typo_font_family":"0","ocean_menu_typo_font_subset":"","ocean_menu_typo_font_size":0,"ocean_menu_typo_font_size_tablet":0,"ocean_menu_typo_font_size_mobile":0,"ocean_menu_typo_font_size_unit":"px","ocean_menu_typo_font_weight":"","ocean_menu_typo_font_weight_tablet":"","ocean_menu_typo_font_weight_mobile":"","ocean_menu_typo_transform":"","ocean_menu_typo_transform_tablet":"","ocean_menu_typo_transform_mobile":"","ocean_menu_typo_line_height":0,"ocean_menu_typo_line_height_tablet":0,"ocean_menu_typo_line_height_mobile":0,"ocean_menu_typo_line_height_unit":"","ocean_menu_typo_spacing":0,"ocean_menu_typo_spacing_tablet":0,"ocean_menu_typo_spacing_mobile":0,"ocean_menu_typo_spacing_unit":"","ocean_menu_link_color":"","ocean_menu_link_color_hover":"","ocean_menu_link_color_active":"","ocean_menu_link_background":"","ocean_menu_link_hover_background":"","ocean_menu_link_active_background":"","ocean_menu_social_links_bg":"","ocean_menu_social_hover_links_bg":"","ocean_menu_social_links_color":"","ocean_menu_social_hover_links_color":"","ocean_disable_title":"default","ocean_disable_heading":"default","ocean_post_title":"","ocean_post_subheading":"","ocean_post_title_style":"","ocean_post_title_background_color":"","ocean_post_title_background":0,"ocean_post_title_bg_image_position":"","ocean_post_title_bg_image_attachment":"","ocean_post_title_bg_image_repeat":"","ocean_post_title_bg_image_size":"","ocean_post_title_height":0,"ocean_post_title_bg_overlay":0.5,"ocean_post_title_bg_overlay_color":"","ocean_disable_breadcrumbs":"default","ocean_breadcrumbs_color":"","ocean_breadcrumbs_separator_color":"","ocean_breadcrumbs_links_color":"","ocean_breadcrumbs_links_hover_color":"","ocean_display_footer_widgets":"default","ocean_display_footer_bottom":"default","ocean_custom_footer_template":"0"},"product_brand":[],"product_cat":[18,17,22],"product_tag":[],"class_list":{"0":"post-26","1":"product","2":"type-product","3":"status-publish","4":"has-post-thumbnail","6":"product_cat-litterature-religieuse","7":"product_cat-livres","8":"product_cat-pere-michel-baute","10":"entry","11":"has-media","13":"first","14":"instock","15":"taxable","16":"shipping-taxable","17":"purchasable","18":"product-type-simple","19":"has-product-nav","20":"col","21":"span_1_of_4","22":"owp-content-center","23":"owp-thumbs-layout-horizontal","24":"owp-btn-normal","25":"owp-tabs-layout-horizontal","26":"has-no-thumbnails"},"yoast_head":"<!-- This site is optimized with the Yoast SEO plugin v27.3 - https:\/\/yoast.com\/product\/yoast-seo-wordpress\/ -->\n<title>PRIER CHAQUE JOUR AVEC TOI MARIE du P\u00e8re Michel Baute (nouvelle \u00e9dition janvier 2024) - EDITIONS CONSEILS MANDRON<\/title>\n<meta name=\"robots\" content=\"index, follow, max-snippet:-1, max-image-preview:large, max-video-preview:-1\" \/>\n<link rel=\"canonical\" href=\"https:\/\/boutique.editions-mandron.com\/index.php\/produit\/prier-chaque-jour-avec-toi-marie-du-pere-michel-baute-nouvelle-edition-janvier-2024\/\" \/>\n<meta property=\"og:locale\" content=\"fr_FR\" \/>\n<meta property=\"og:type\" content=\"article\" \/>\n<meta property=\"og:title\" content=\"PRIER CHAQUE JOUR AVEC TOI MARIE du P\u00e8re Michel Baute (nouvelle \u00e9dition janvier 2024) - EDITIONS CONSEILS MANDRON\" \/>\n<meta property=\"og:description\" content=\"\u00ab PRIER CHAQUE JOUR AVEC TOI MARIE \u00bb Du P\u00e8re Michel Baute\u00a0pr\u00eatre et Chapelain au Sanctuaire Notre-Dame de Lourdes. Nouvelle \u00e9dition augment\u00e9e et enrichie du livre \u00abMon livre de vie chr\u00e9tienne\u2013Chaque jour du mois avec Toi\u00a0Marie \u00bb Un compagnon de route, un livre de vie chr\u00e9tienne pour prier avec Marie, chaque jour du mois, tout [&hellip;]\" \/>\n<meta property=\"og:url\" content=\"https:\/\/boutique.editions-mandron.com\/index.php\/produit\/prier-chaque-jour-avec-toi-marie-du-pere-michel-baute-nouvelle-edition-janvier-2024\/\" \/>\n<meta property=\"og:site_name\" content=\"EDITIONS CONSEILS MANDRON\" \/>\n<meta property=\"article:modified_time\" content=\"2024-02-04T15:29:29+00:00\" \/>\n<meta property=\"og:image\" content=\"https:\/\/boutique.editions-mandron.com\/wp-content\/uploads\/2024\/02\/Couverture-Livre-Marie-01-2024-994x1536-1.jpg\" \/>\n\t<meta property=\"og:image:width\" content=\"994\" \/>\n\t<meta property=\"og:image:height\" content=\"1536\" \/>\n\t<meta property=\"og:image:type\" content=\"image\/jpeg\" \/>\n<meta name=\"twitter:card\" content=\"summary_large_image\" \/>\n<meta name=\"twitter:label1\" content=\"Dur\u00e9e de lecture estim\u00e9e\" \/>\n\t<meta name=\"twitter:data1\" content=\"1 minute\" \/>\n<script type=\"application\/ld+json\" class=\"yoast-schema-graph\">{\"@context\":\"https:\\\/\\\/schema.org\",\"@graph\":[{\"@type\":\"WebPage\",\"@id\":\"https:\\\/\\\/boutique.editions-mandron.com\\\/index.php\\\/produit\\\/prier-chaque-jour-avec-toi-marie-du-pere-michel-baute-nouvelle-edition-janvier-2024\\\/\",\"url\":\"https:\\\/\\\/boutique.editions-mandron.com\\\/index.php\\\/produit\\\/prier-chaque-jour-avec-toi-marie-du-pere-michel-baute-nouvelle-edition-janvier-2024\\\/\",\"name\":\"PRIER CHAQUE JOUR AVEC TOI MARIE du P\u00e8re Michel Baute (nouvelle \u00e9dition janvier 2024) - EDITIONS CONSEILS MANDRON\",\"isPartOf\":{\"@id\":\"https:\\\/\\\/boutique.editions-mandron.com\\\/#website\"},\"primaryImageOfPage\":{\"@id\":\"https:\\\/\\\/boutique.editions-mandron.com\\\/index.php\\\/produit\\\/prier-chaque-jour-avec-toi-marie-du-pere-michel-baute-nouvelle-edition-janvier-2024\\\/#primaryimage\"},\"image\":{\"@id\":\"https:\\\/\\\/boutique.editions-mandron.com\\\/index.php\\\/produit\\\/prier-chaque-jour-avec-toi-marie-du-pere-michel-baute-nouvelle-edition-janvier-2024\\\/#primaryimage\"},\"thumbnailUrl\":\"https:\\\/\\\/boutique.editions-mandron.com\\\/wp-content\\\/uploads\\\/2024\\\/02\\\/Couverture-Livre-Marie-01-2024-994x1536-1.jpg\",\"datePublished\":\"2024-02-01T18:20:09+00:00\",\"dateModified\":\"2024-02-04T15:29:29+00:00\",\"breadcrumb\":{\"@id\":\"https:\\\/\\\/boutique.editions-mandron.com\\\/index.php\\\/produit\\\/prier-chaque-jour-avec-toi-marie-du-pere-michel-baute-nouvelle-edition-janvier-2024\\\/#breadcrumb\"},\"inLanguage\":\"fr-FR\",\"potentialAction\":[{\"@type\":\"ReadAction\",\"target\":[\"https:\\\/\\\/boutique.editions-mandron.com\\\/index.php\\\/produit\\\/prier-chaque-jour-avec-toi-marie-du-pere-michel-baute-nouvelle-edition-janvier-2024\\\/\"]}]},{\"@type\":\"ImageObject\",\"inLanguage\":\"fr-FR\",\"@id\":\"https:\\\/\\\/boutique.editions-mandron.com\\\/index.php\\\/produit\\\/prier-chaque-jour-avec-toi-marie-du-pere-michel-baute-nouvelle-edition-janvier-2024\\\/#primaryimage\",\"url\":\"https:\\\/\\\/boutique.editions-mandron.com\\\/wp-content\\\/uploads\\\/2024\\\/02\\\/Couverture-Livre-Marie-01-2024-994x1536-1.jpg\",\"contentUrl\":\"https:\\\/\\\/boutique.editions-mandron.com\\\/wp-content\\\/uploads\\\/2024\\\/02\\\/Couverture-Livre-Marie-01-2024-994x1536-1.jpg\",\"width\":994,\"height\":1536},{\"@type\":\"BreadcrumbList\",\"@id\":\"https:\\\/\\\/boutique.editions-mandron.com\\\/index.php\\\/produit\\\/prier-chaque-jour-avec-toi-marie-du-pere-michel-baute-nouvelle-edition-janvier-2024\\\/#breadcrumb\",\"itemListElement\":[{\"@type\":\"ListItem\",\"position\":1,\"name\":\"Accueil\",\"item\":\"https:\\\/\\\/boutique.editions-mandron.com\\\/\"},{\"@type\":\"ListItem\",\"position\":2,\"name\":\"Boutique\",\"item\":\"https:\\\/\\\/boutique.editions-mandron.com\\\/\"},{\"@type\":\"ListItem\",\"position\":3,\"name\":\"PRIER CHAQUE JOUR AVEC TOI MARIE du P\u00e8re Michel Baute (nouvelle \u00e9dition janvier 2024)\"}]},{\"@type\":\"WebSite\",\"@id\":\"https:\\\/\\\/boutique.editions-mandron.com\\\/#website\",\"url\":\"https:\\\/\\\/boutique.editions-mandron.com\\\/\",\"name\":\"EDITIONS CONSEILS MANDRON\",\"description\":\"Boutique en ligne\",\"potentialAction\":[{\"@type\":\"SearchAction\",\"target\":{\"@type\":\"EntryPoint\",\"urlTemplate\":\"https:\\\/\\\/boutique.editions-mandron.com\\\/?s={search_term_string}\"},\"query-input\":{\"@type\":\"PropertyValueSpecification\",\"valueRequired\":true,\"valueName\":\"search_term_string\"}}],\"inLanguage\":\"fr-FR\"}]}<\/script>\n<!-- \/ Yoast SEO plugin. -->","yoast_head_json":{"title":"PRIER CHAQUE JOUR AVEC TOI MARIE du P\u00e8re Michel Baute (nouvelle \u00e9dition janvier 2024) - EDITIONS CONSEILS MANDRON","robots":{"index":"index","follow":"follow","max-snippet":"max-snippet:-1","max-image-preview":"max-image-preview:large","max-video-preview":"max-video-preview:-1"},"canonical":"https:\/\/boutique.editions-mandron.com\/index.php\/produit\/prier-chaque-jour-avec-toi-marie-du-pere-michel-baute-nouvelle-edition-janvier-2024\/","og_locale":"fr_FR","og_type":"article","og_title":"PRIER CHAQUE JOUR AVEC TOI MARIE du P\u00e8re Michel Baute (nouvelle \u00e9dition janvier 2024) - EDITIONS CONSEILS MANDRON","og_description":"\u00ab PRIER CHAQUE JOUR AVEC TOI MARIE \u00bb Du P\u00e8re Michel Baute\u00a0pr\u00eatre et Chapelain au Sanctuaire Notre-Dame de Lourdes. Nouvelle \u00e9dition augment\u00e9e et enrichie du livre \u00abMon livre de vie chr\u00e9tienne\u2013Chaque jour du mois avec Toi\u00a0Marie \u00bb Un compagnon de route, un livre de vie chr\u00e9tienne pour prier avec Marie, chaque jour du mois, tout [&hellip;]","og_url":"https:\/\/boutique.editions-mandron.com\/index.php\/produit\/prier-chaque-jour-avec-toi-marie-du-pere-michel-baute-nouvelle-edition-janvier-2024\/","og_site_name":"EDITIONS CONSEILS MANDRON","article_modified_time":"2024-02-04T15:29:29+00:00","og_image":[{"width":994,"height":1536,"url":"https:\/\/boutique.editions-mandron.com\/wp-content\/uploads\/2024\/02\/Couverture-Livre-Marie-01-2024-994x1536-1.jpg","type":"image\/jpeg"}],"twitter_card":"summary_large_image","twitter_misc":{"Dur\u00e9e de lecture estim\u00e9e":"1 minute"},"schema":{"@context":"https:\/\/schema.org","@graph":[{"@type":"WebPage","@id":"https:\/\/boutique.editions-mandron.com\/index.php\/produit\/prier-chaque-jour-avec-toi-marie-du-pere-michel-baute-nouvelle-edition-janvier-2024\/","url":"https:\/\/boutique.editions-mandron.com\/index.php\/produit\/prier-chaque-jour-avec-toi-marie-du-pere-michel-baute-nouvelle-edition-janvier-2024\/","name":"PRIER CHAQUE JOUR AVEC TOI MARIE du P\u00e8re Michel Baute (nouvelle \u00e9dition janvier 2024) - EDITIONS CONSEILS MANDRON","isPartOf":{"@id":"https:\/\/boutique.editions-mandron.com\/#website"},"primaryImageOfPage":{"@id":"https:\/\/boutique.editions-mandron.com\/index.php\/produit\/prier-chaque-jour-avec-toi-marie-du-pere-michel-baute-nouvelle-edition-janvier-2024\/#primaryimage"},"image":{"@id":"https:\/\/boutique.editions-mandron.com\/index.php\/produit\/prier-chaque-jour-avec-toi-marie-du-pere-michel-baute-nouvelle-edition-janvier-2024\/#primaryimage"},"thumbnailUrl":"https:\/\/boutique.editions-mandron.com\/wp-content\/uploads\/2024\/02\/Couverture-Livre-Marie-01-2024-994x1536-1.jpg","datePublished":"2024-02-01T18:20:09+00:00","dateModified":"2024-02-04T15:29:29+00:00","breadcrumb":{"@id":"https:\/\/boutique.editions-mandron.com\/index.php\/produit\/prier-chaque-jour-avec-toi-marie-du-pere-michel-baute-nouvelle-edition-janvier-2024\/#breadcrumb"},"inLanguage":"fr-FR","potentialAction":[{"@type":"ReadAction","target":["https:\/\/boutique.editions-mandron.com\/index.php\/produit\/prier-chaque-jour-avec-toi-marie-du-pere-michel-baute-nouvelle-edition-janvier-2024\/"]}]},{"@type":"ImageObject","inLanguage":"fr-FR","@id":"https:\/\/boutique.editions-mandron.com\/index.php\/produit\/prier-chaque-jour-avec-toi-marie-du-pere-michel-baute-nouvelle-edition-janvier-2024\/#primaryimage","url":"https:\/\/boutique.editions-mandron.com\/wp-content\/uploads\/2024\/02\/Couverture-Livre-Marie-01-2024-994x1536-1.jpg","contentUrl":"https:\/\/boutique.editions-mandron.com\/wp-content\/uploads\/2024\/02\/Couverture-Livre-Marie-01-2024-994x1536-1.jpg","width":994,"height":1536},{"@type":"BreadcrumbList","@id":"https:\/\/boutique.editions-mandron.com\/index.php\/produit\/prier-chaque-jour-avec-toi-marie-du-pere-michel-baute-nouvelle-edition-janvier-2024\/#breadcrumb","itemListElement":[{"@type":"ListItem","position":1,"name":"Accueil","item":"https:\/\/boutique.editions-mandron.com\/"},{"@type":"ListItem","position":2,"name":"Boutique","item":"https:\/\/boutique.editions-mandron.com\/"},{"@type":"ListItem","position":3,"name":"PRIER CHAQUE JOUR AVEC TOI MARIE du P\u00e8re Michel Baute (nouvelle \u00e9dition janvier 2024)"}]},{"@type":"WebSite","@id":"https:\/\/boutique.editions-mandron.com\/#website","url":"https:\/\/boutique.editions-mandron.com\/","name":"EDITIONS CONSEILS MANDRON","description":"Boutique en ligne","potentialAction":[{"@type":"SearchAction","target":{"@type":"EntryPoint","urlTemplate":"https:\/\/boutique.editions-mandron.com\/?s={search_term_string}"},"query-input":{"@type":"PropertyValueSpecification","valueRequired":true,"valueName":"search_term_string"}}],"inLanguage":"fr-FR"}]}},"jetpack_sharing_enabled":true,"_links":{"self":[{"href":"https:\/\/boutique.editions-mandron.com\/index.php\/wp-json\/wp\/v2\/product\/26","targetHints":{"allow":["GET"]}}],"collection":[{"href":"https:\/\/boutique.editions-mandron.com\/index.php\/wp-json\/wp\/v2\/product"}],"about":[{"href":"https:\/\/boutique.editions-mandron.com\/index.php\/wp-json\/wp\/v2\/types\/product"}],"wp:featuredmedia":[{"embeddable":true,"href":"https:\/\/boutique.editions-mandron.com\/index.php\/wp-json\/wp\/v2\/media\/27"}],"wp:attachment":[{"href":"https:\/\/boutique.editions-mandron.com\/index.php\/wp-json\/wp\/v2\/media?parent=26"}],"wp:term":[{"taxonomy":"product_brand","embeddable":true,"href":"https:\/\/boutique.editions-mandron.com\/index.php\/wp-json\/wp\/v2\/product_brand?post=26"},{"taxonomy":"product_cat","embeddable":true,"href":"https:\/\/boutique.editions-mandron.com\/index.php\/wp-json\/wp\/v2\/product_cat?post=26"},{"taxonomy":"product_tag","embeddable":true,"href":"https:\/\/boutique.editions-mandron.com\/index.php\/wp-json\/wp\/v2\/product_tag?post=26"}],"curies":[{"name":"wp","href":"https:\/\/api.w.org\/{rel}","templated":true}]}}